{"id":22,"date":"2019-11-10T16:38:42","date_gmt":"2019-11-10T15:38:42","guid":{"rendered":"http:\/\/africadeli.lu\/?post_type=product&#038;p=22"},"modified":"2019-12-01T18:32:20","modified_gmt":"2019-12-01T17:32:20","slug":"le-ptit-moulin-blanc","status":"publish","type":"product","link":"https:\/\/africadeli.lu\/index.php\/product\/le-ptit-moulin-blanc\/","title":{"rendered":"Le P&rsquo;tit moulin blanc"},"content":{"rendered":"<p>Le P&rsquo;tit moulin blanc d&rsquo;Afidi est un produit exceptionnel par l&rsquo;authenticit\u00e9 de son contenu. Il contient une vari\u00e9t\u00e9 de poivre unique. Il est produit dans la r\u00e9gion de Penja au Cameroun.\u00a0 Il doit sa saveur puissante et douce et son parfum envo\u00fbtant au terroir volcanique et au climat \u00e9quatorial sp\u00e9cifique. Cette particularit\u00e9 lui permis de recevoir la premi\u00e8re Indication G\u00e9ographique Prot\u00e9g\u00e9 (IGP) de l&rsquo;Afrique subsaharienne en 2014.<\/p>\n<p><strong>Il rel\u00e8ve vos viandes, poissons, salades.\u00a0<\/strong><\/p>\n<p><em>Contenance: 50g. Facilement rechargeable. Il s\u2019utilise directement \u00e0 table.\u00a0<\/em><\/p>\n","protected":false},"excerpt":{"rendered":"<p><em>Contenance: 50 g. Facilement rechargeable. Il s\u2019utilise directement \u00e0 table.\u00a0<\/em><\/p>\n","protected":false},"featured_media":9208,"template":"","meta":{"spay_email":""},"class_list":["post-22","product","type-product","status-publish","has-post-thumbnail","hentry","product_cat-poivre"],"_links":{"self":[{"href":"https:\/\/africadeli.lu\/index.php\/wp-json\/wp\/v2\/product\/22","targetHints":{"allow":["GET"]}}],"collection":[{"href":"https:\/\/africadeli.lu\/index.php\/wp-json\/wp\/v2\/product"}],"about":[{"href":"https:\/\/africadeli.lu\/index.php\/wp-json\/wp\/v2\/types\/product"}],"wp:featuredmedia":[{"embeddable":true,"href":"https:\/\/africadeli.lu\/index.php\/wp-json\/wp\/v2\/media\/9208"}],"wp:attachment":[{"href":"https:\/\/africadeli.lu\/index.php\/wp-json\/wp\/v2\/media?parent=22"}],"curies":[{"name":"wp","href":"https:\/\/api.w.org\/{rel}","templated":true}]}}